 digit of 21739143?
2
What is the ten thousands digit of 68042?
6
What is the hundreds digit of 4874267?
2
What is the ten thousands digit of 7755568?
5
What is the tens digit of 6597266?
6
What is the hundred thousands digit of 300930?
3
What is the thousands digit of 6180526?
0
What is the thousands digit of 71512?
1
What is the tens digit of 91669?
6
What is the millions digit of 1183111?
1
What is the hundreds digit of 252101?
1
What is the thousands digit of 956606?
6
What is the thousands digit of 13297?
3
What is the millions digit of 4792853?
4
What is the thousands digit of 5108249?
8
What is the hundred thousands digit of 21583271?
5
What is the hundreds digit of 133335?
3
What is the tens digit of 2022940?
4
What is the hundred thousands digit of 25425824?
4
What is the millions digit of 33391539?
3
What is the ten thousands digit of 947926?
4
What is the thousands digit of 2483822?
3
What is the hundreds digit of 840716?
7
What is the hundreds digit of 313482?
4
What is the hundred thousands digit of 391401?
3
What is the ten millions digit of 10756267?
1
What is the hundreds digit of 3538699?
6
What is the units digit of 1920194?
4
What is the thousands digit of 6363619?
3
What is the hundred thousands digit of 558877?
5
What is the ten thousands digit of 249916?
4
What is the hundred thousands digit of 3501768?
5
What is the thousands digit of 13118122?
8
What is the thousands digit of 14414146?
4
What is the tens digit of 532266?
6
What is the hundreds digit of 15123338?
3
What is the tens digit of 618890?
9
What is the hundred thousands digit of 223019?
2
What is the millions digit of 5804581?
5
What is the thousands digit of 9627325?
7
What is the millions digit of 18649540?
8
What is the hundred thousands digit of 6563960?
5
What is the thousands digit of 71698?
1
What is the tens digit of 651484?
8
What is the tens digit of 8997114?
1
What is the ten thousands digit of 7481830?
8
What is the hundred thousands digit of 3775652?
7
What is the thousands digit of 251151?
1
What is the tens digit of 4045537?
3
What is the tens digit of 1523635?
3
What is the hundreds digit of 7799833?
8
What is the millions digit of 12098473?
2
What is the thousands digit of 628082?
8
What is the ten millions digit of 32473052?
3
What is the millions digit of 5468626?
5
What is the tens digit of 132350?
5
What is the hundred thousands digit of 1024649?
0
What is the tens digit of 628004?
0
What is the thousands digit of 134382?
4
What is the hundreds digit of 4091398?
3
What is the millions digit of 16362091?
6
What is the units digit of 1418787?
7
What is the tens digit of 1040026?
2
What is the hundred thousands digit of 3803470?
8
What is the hundred thousands digit of 1053860?
0
What is the units digit of 4808423?
3
What is the hundreds digit of 209870?
8
What is the millions digit of 5300164?
5
What is the units digit of 1788106?
6
What is the hundreds digit of 133601?
6
What is the millions digit of 2273540?
2
What is the hundreds digit of 445610?
6
What is the units digit of 962138?
8
What is the tens digit of 12939486?
8
What is the millions digit of 5708002?
5
What is the thousands digit of 10149479?
9
What is the units digit of 5704693?
3
What is the hundreds digit of 2403490?
4
What is the ten thousands digit of 1682584?
8
What is the millions digit of 1273114?
1
What is the units digit of 179457?
7
What is the tens digit of 2068432?
3
What is the thousands digit of 7764389?
4
What is the hundred thousands digit of 30027118?
0
What is the units digit of 1158790?
0
What is the hundreds digit of 17636799?
7
What is the ten thousands digit of 281087?
8
What is the millions digit of 2226514?
2
What is the tens digit of 3099934?
3
What is the ten thousands digit of 212126?
1
What is the hundreds digit of 38385?
3
What is the units digit of 1503926?
6
What is the ten thousands digit of 532583?
3
What is the thousands digit of 1875170?
5
What is the units digit of 490439?
9
What is the ten thousands digit of 311071?
1
What is the millions digit of 1088860?
1
What is the units digit of 3357281?
1
What is the tens digit of 62461?
6
What is the units digit of 8488586?
6
What is the ten thousands digit of 184164?
8
What is the hundred thousands digit of 220547?
2
What is the thousands digit of 1055704?
5
What is the ten thousands digit of 3236916?
3
What is the units digit of 18919?
9
What is the millions digit of 6367887?
6
What is the hundred thousands digit of 4616857?
6
What is the hundred thousands digit of 2564831?
5
What is the hundreds digit of 50778?
7
What is the hundreds digit of 66339?
3
What is the ten thousands digit of 2124242?
2
What is the hundred thousands digit of 15347709?
3
What is the ten thousands digit of 3412498?
1
What is the thousands digit of 18954?
8
What is the units digit of 117933?
3
What is the hundred thousands digit of 206930?
2
What is the units digit of 2052016?
6
What is the units digit of 2496496?
6
What is the hundreds digit of 1815122?
1
What is the tens digit of 224431?
3
What is the units digit of 9018040?
0
What is the units digit of 188644?
4
What is the ten thousands digit of 35580?
3
What is the hundred thousands digit of 12547127?
5
What is the tens digit of 200577?
7
What is the ten millions digit of 14008221?
1
What is the tens digit of 6081184?
8
What is the tens digit of 8183?
8
What is the units digit of 9510910?
0
What is the units digit of 15671192?
2
What is the hundred thousands digit of 473333?
4
What is the hundred thousands digit of 16563862?
5
What is the tens digit of 82759?
5
What is the ten thousands digit of 77652?
7
What is the hundred thousands digit of 414107?
4
What is the hundreds digit of 21051828?
8
What is the millions digit of 9269347?
9
What is the hundred thousands digit of 246177?
2
What is the units digit of 806219?
9
What is the hundred thousands digit of 166743?
1
What is the hundreds digit of 4640018?
0
What is the ten thousands digit of 5405941?
0
What is the tens digit of 51188?
8
What is the hundreds digit of 1151388?
3
What is the thousands digit of 516366?
6
What is the thousands digit of 1501933?
1
What is the tens digit of 1527801?
0
What is the hundreds digit of 38122?
1
What is the tens digit of 17570710?
1
What is the thousands digit of 154284?
4
What is the ten thousands digit of 32974?
3
What is the ten thousands digit of 1381334?
8
What is the thousands digit of 1467061?
7
What is the thousands digit of 602662?
2
What is the units digit of 13522?
2
What is the tens digit of 4070204?
0
What is the ten thousands digit of 550603?
5
What is the thousands digit of 9220139?
0
What is the thousands digit of 41645?
1
What is the tens digit of 1186939?
3
What is the units digit of 109641?
1
What is the tens digit of 3893403?
0
What is the tens digit of 957025?
2
What is the millions digit of 14967472?
4
What is the units digit of 2199178?
8
What is the hundreds digit of 2645712?
7
What is the ten thousands digit of 2233152?
3
What is the thousands digit of 4412720?
2
What is the thousands digit of 6888?
6
What is the tens digit of 30050?
5
What is the millions digit of 15768837?
5
What is the tens digit of 605277?
7
What is the hundreds digit of 285529?
5
What is the ten thousands digit of 325123?
2
What is the hundreds digit of 3678262?
2
What is the hundred thousands digit of 776611?
7
What is the millions digit of 3348708?
3
What is the ten thousands digit of 279306?
7
What is the tens digit of 544388?
8
What is the hundreds digit of 79801?
8
What is the tens digit of 62434?
3
What is the thousands digit of 295672?
5
What is the hundred thousands digit of 22230299?
2
What is the thousands digit of 599990?
9
What is the hundreds digit of 1648001?
0
What is the hundred thousands digit of 1094080?
0
What is the hundreds digit of 6961945?
9
What is the tens digit of 744416?
1
What is the ten thousands digit of 197818?
9
What is the hundreds digit of 173115?
1
What is the hundreds digit of 84079?
0
What is the hundred thousands digit of 495505?
4
What is the units digit of 648612?
2
What is the hundred thousands digit of 879878?
8
What is the units digit of 3551649?
9
What is the hundred thousands digit of 1024609?
0
What is the units digit of 789144?
4
What i